w(q) = q**2 - 13*q - 3. What is w(13)?
-3
Let x(l) = -l**2 + 12*l - 2. Calculate x(11).
9
Let r(a) = -a**2 + 18. Determine r(0).
18
Let i(w) = -w**3 + w**2 - w - 7. What is i(0)?
-7
Let a(m) = 3*m + 4. Calculate a(-11).
-29
Let t(k) = -k**3 + k**2 + 8*k - 16. What is t(0)?
-16
Let u(l) = -12*l - 1. Determine u(-1).
11
Let t(h) = -h**2. Give t(-2).
-4
Let g(x) = 3*x**3 - 3*x**2 + 3*x - 1. Give g(2).
17
Let t(y) = y + 38. What is t(8)?
46
Let d(k) = -11*k - 94. Calculate d(-9).
5
Let d(a) = 2*a**3 - 20*a**2 - 30*a + 95. Calculate d(11).
7
Let t(c) = -c**2 + 13*c - 15. Determine t(10).
15
Let s(f) = -2*f**3 - 6*f**2 - f - 1. Give s(-4).
35
Let p(j) = j**2 - 7*j + 7. Calculate p(5).
-3
Let h(j) = -j**3 - 6*j**2 - 2*j + 8. Determine h(-6).
20
Let j(c) = -13*c**3 + 5*c**2 - 8*c + 7. Calculate j(2).
-93
Let g(p) = 21*p - 377. Determine g(18).
1
Let a(m) = -m**3 + 6*m**2 - 5*m + 3. Calculate a(4).
15
Let y(n) = -3*n**2 + 2*n - 12. Calculate y(3).
-33
Let r(z) = 5*z + 45. Give r(-24).
-75
Let l(h) = 4*h - 1. What is l(-15)?
-61
Let s(p) = 9*p - 30. Determine s(8).
42
Let t(a) = -32*a + 22. Calculate t(3).
-74
Let j(p) = -p**3 + 49*p**2 + 49*p + 55. What is j(50)?
5
Let t(a) = -12*a**2 - 2*a + 1. Give t(1).
-13
Let a(c) = 15*c - 200. Calculate a(12).
-20
Let b(p) = 2*p + 15. What is b(-5)?
5
Let h(f) = -f**3 + 2*f**2 + f - 2. What is h(1)?
0
Let x(k) = -k - 12. Give x(-17).
5
Let g(p) = -p + 19. What is g(17)?
2
Let u(j) = j**2 + 6*j + 3. Determine u(-5).
-2
Let i(n) = -15*n**2 + 3*n - 2. Determine i(2).
-56
Let b(p) = -p**2 - 2*p + 13. Calculate b(0).
13
Let z(g) = g**3 - 4*g**2 + 4*g + 2. What is z(6)?
98
Let n(y) = -3*y**2 - 126*y - 129. What is n(-41)?
-6
Let i(k) = 2*k**3 - 4*k**2 - 17*k + 1. Give i(-2).
3
Let q(t) = 11*t. What is q(1)?
11
Let b(a) = -5*a + 54. Give b(7).
19
Let y(u) = u**2 + 47*u + 178. Determine y(-4).
6
Let s(l) = -2*l - 36. Calculate s(-10).
-16
Let z(s) = s**3 - 55*s**2 + 49*s + 239. Give z(54).
-31
Let j(v) = -v**2 - 26*v - 28. What is j(-25)?
-3
Let u(l) = -l**3 - 25*l**2 - 28*l - 90. Give u(-24).
6
Let u(r) = 2*r + 15. Give u(0).
15
Let a(d) = -3*d + 7. Give a(-3).
16
Let y(b) = -b + 6. Give y(-3).
9
Let b(x) = x**3 + 29*x**2 + 31*x + 52. Give b(-28).
-32
Let q(n) = -n**3 + 17*n**2 - 15*n - 21. Determine q(16).
-5
Let i(n) = -18*n - 15. What is i(3)?
-69
Let a(r) = -6*r - 23. Calculate a(-3).
-5
Let v(m) = -21*m**3 + 2*m - 1. What is v(1)?
-20
Let l(c) = -c**2 + 13*c - 15. Calculate l(9).
21
Let w(k) = k - 8. Give w(8).
0
Let x(a) = -29*a + 7. Calculate x(-3).
94
Let m(r) = -7*r - 43. Give m(-6).
-1
Let s(g) = -g**2 - 4*g - 10. What is s(0)?
-10
Let l(t) = t**2 - 4*t + 7. Give l(2).
3
Let j(c) = -c**3 - 5*c**2 + 11*c + 5. What is j(-7)?
26
Let x(q) = q**2 - 7*q + 2. What is x(4)?
-10
Let u(h) = 47*h + 626. What is u(-13)?
15
Let p(j) = j**2 - 5*j + 24. Determine p(4).
20
Let i(m) = -16*m - 17. Give i(-6).
79
Let t(n) = -n**2 - 34*n + 191. Calculate t(5).
-4
Let l(f) = f. Give l(8).
8
Let s(f) = -f**3 - 4*f**2 + 5*f - 15. What is s(-7)?
97
Let p(f) = 2*f - 12. Calculate p(8).
4
Let c(n) = -7*n**2 + 108*n - 43. Give c(15).
2
Let d(a) = -a**3 - 7*a**2 - 12*a - 23. What is d(-7)?
61
Let w(k) = 11*k - 3. Calculate w(-1).
-14
Let p(o) = -32*o + 216. What is p(8)?
-40
Let t(a) = -3*a. Determine t(-1).
3
Let t(k) = -k**2 - k + 11. Give t(4).
-9
Let z(f) = -f + 7. Determine z(3).
4
Let k(d) = 3*d + 53. Calculate k(-19).
-4
Let f(h) = h**3 - 6*h**2 - 11*h + 6. Give f(7).
-22
Let b(j) = -2*j**2 - 26*j - 9. Determine b(-13).
-9
Let f(o) = -o**3 - 4*o**2 - o + 2. Calculate f(-1).
0
Let c(a) = 2*a**2 - 26*a + 13. Calculate c(8).
-67
Let w(n) = n**3 - 12*n**2 - 13*n - 9. Calculate w(13).
-9
Let y(u) = u**2 - 29*u + 177. Calculate y(20).
-3
Let s(r) = r**2 - 3*r - 2. Give s(-3).
16
Let h(c) = c + 12. What is h(-7)?
5
Let l(c) = -c**3 - 6*c**2 - 2*c + 2. Determine l(-4).
-22
Let s(o) = o**3 + 18*o**2 - 18*o + 19. What is s(-19)?
0
Let k(z) = -22*z + 114. Calculate k(6).
-18
Let r(s) = -s**2 - 16*s - 24. Determine r(-14).
4
Let g(d) = d**3 + 8*d**2 + d + 18. Determine g(-8).
10
Let h(j) = 23*j**2 - j + 1. Determine h(1).
23
Let y(h) = -h**3 + 7*h**2 + 7*h - 6. What is y(8)?
-14
Let r(t) = t**3 - 18*t**2 + 30*t + 16. Determine r(16).
-16
Let n(l) = l + 13. Calculate n(-6).
7
Let d(b) = -6*b**3 + b - 1. What is d(1)?
-6
Let n(f) = -f**2 - 9*f + 3. Calculate n(-13).
-49
Let p(t) = -9*t + 155. Give p(18).
-7
Let u(g) = -2*g. Calculate u(8).
-16
Let j(p) = -p + 19. Calculate j(16).
3
Let g(s) = s**2 - 6*s - 1. Give g(6).
-1
Let d(x) = -3*x + 36. Determine d(10).
6
Let u(z) = z**2 + 8*z + 6. What is u(-5)?
-9
Let d(x) = -8*x + 7. Calculate d(3).
-17
Let y(r) = 43*r - 208. Determine y(5).
7
Let v(r) = -5*r + 1. What is v(2)?
-9
Let v(u) = 3*u + 24. Determine v(24).
96
Let r(u) = u**3 - 2*u**2 - 14*u + 5. Determine r(5).
10
Let y(b) = b**3 + 3*b**2 - 5*b - 1. Determine y(-4).
3
Let f(m) = -m**2 - 170*m - 1599. Give f(-10).
1
Let s(g) = -4*g**2 + 2*g - 6. What is s(2)?
-18
Let u(l) = l**3 + l - 8. What is u(0)?
-8
Let s(k) = -k**3 - 7*k**2 - 5*k - 9. What is s(-6)?
-15
Let z(d) = d**2 - 16*d + 24. Give z(12).
-24
Let b(a) = 15*a + 5. Give b(3).
50
Let b(q) = -29*q + 32. Calculate b(4).
-84
Let q(y) = -y**2 + 9*y - 8. Give q(6).
10
Let l(b) = -b**2 - 22*b - 92. What is l(-5)?
-7
Let d(r) = -r**3 - 11*r**2 + 14*r + 31. Calculate d(-12).
7
Let q(w) = 2*w**2 - w + 12. What is q(0)?
12
Let h(a) = -2*a**2 + 9*a + 10. Give h(7).
-25
Let c(b) = b**3 + 10*b**2 + 11*b - 7. Determine c(-8).
33
Let o(z) = 3*z + 20. What is o(-8)?
-4
Let l(s) = s**3 - 12*s**2 + 2*s - 20. Determine l(12).
4
Let t(a) = -a**3 + 9*a**2 + 8*a + 33. Determine t(10).
13
Let k(n) = -2*n - 10. Calculate k(-3).
-4
Let w(i) = i**2 + 17*i - 18. Determine w(-18).
0
Let t(g) = -g**2 + 10*g - 13. Determine t(7).
8
Let q(z) = -z**3 - 9*z**2 - 9*z - 1. Give q(-9).
80
Let k(m) = -m**3 + 10*m**2 - 11*m + 11. Calculate k(9).
-7
Let y(t) = 2*t + 11. Calculate y(0).
11
Let j(s) = -s**3 + 7*s**2 + 7*s + 7. What is j(8)?
-1
Let b(s) = 21*s + 15. What is b(-8)?
-153
Let y(r) = -37*r**3 - r**2 + 2*r - 1. Give y(1).
-37
Let s(f) = f**3 + 29*f**2 + 25*f - 82. Calculate s(-28).
2
Let c(r) = r**2 - 10*r + 14. Calculate c(11).
25
Let m(a) = a**2 + 12*a - 55. Calculate m(-16).
9
Let i(w) = -16*w + 6. Calculate i(-6).
102
Let z(f) = f**2 - 7*f + 3. What is z(5)?
-7
Let b(m) = 50*m**2 + 2*m. What is b(-1)?
48
Let a(b) = -11*b + 51. What is a(5)?
-4
Let k(r) = 3*r - 3. What is k(4)?
9
Let d(b) = 2*b**2 - 3*b - 32. Give d(-4).
12
Let b(f) = -2*f**2 + f + 6. Give b(3).
-9
Let a(l) = -3*l**2 - 5*l + 39. Calculate a(-8).
-113
Let p(j) = 3*j + 8. Calculate p(8).
32
Let t(b) = -b**3 + 9*b**2 + 9*b - 3. Calculate t(10).
-13
Let d(w) = 3*w**2 + w - 14. Calculate d(4).
38
Let b(v) = -v**3 - 7*v**2 + 7*v + 2. Give b(-8).
10
Let a(u) = -2*u + 23. Calculate a(11).
1
Let n(r) = r**2 - 3*r + 7. Give n(3).
7
Let m(d) = -d + 28. Calculate m(6).
22
Let y(m) = -m**2 - 2*m + 1. Determine y(2).
-7
Let a(f) = -89*f**2 - 3*f - 2. Calculate a(-1).
-88
Let s(d) = -d**3 - 24*d**2 + 89*d + 222. What is s(-27)?
6
Let j(p) = p**3 + 5*p**2 - 2*p - 15. Determine j(-5).
-5
Let z(m) = m**2 - 7*m - 17. What is z(8)?
-9
Let d(b) = b**2 - 6*b + 11. Calculate d(2).
3
Let y(g) = g**2 - 18*g. Give y(18).
0
Let m(q) = -2*q**3 - 65*q**2 - 35*q - 78. Calculate m(-32).
18
Let d(o) = o**3 + 9*o**2 + 10*o + 3. Give d(-7).
31
Let k(w) = -w**3 - 11*w**2 - 3*w - 11. Determine k(-11).
22
Let c(v) = 6*v**3 + v + 1. Determine c(-1).
-6
Let t(m) = m - 5. Determine t(7).
2
Let m(b) = 6*b + 70. What is m(-11)?
4
Let p(w) = w**3 - 8*w**2 - 10*w + 11. Determine p(9).
2
Let k(h) = -9*h - 1. Calculate k(1).
-10
Let s(j) = j**3 + 7*j**2 + 12*j - 2. Determine s(-4).
-2
Let s(m) = -m**2 - 10*m. Determine s(-14).
-56
Let d(s) = -3*s - 7. Determine d(-4).
5
Let g(r) = 2*r**2 - 2*r - 22. Give g(-5).
38
Let x(o) = -2*o. Determine x(-8).
16
Let p(g) = -g**3 - 10*g**2 + 2. Give p(-10).
2
Let n(x) = 20*x - 118. Calculate n(6).
2
Let j(p) = 13*p**2 - 82*p + 24. What is j(6)?
0
Let b(h) = -h**3 + 2*h**2 + 2*h + 1. Give b(3).
-2
Let x(v) = v**3 + 3*v**2 + 3. Calculate x(-3).
3
Let p(j) = -12*j - 49. Calculate p(-4).
-1
Let y(h) = -h**3 - 20*h**2 - 102*h - 8. Calculate y(-10).
1